{"id":2187,"date":"2025-05-29T13:33:47","date_gmt":"2025-05-29T11:33:47","guid":{"rendered":"https:\/\/ramina.fr\/?page_id=2187"},"modified":"2025-05-29T13:37:57","modified_gmt":"2025-05-29T11:37:57","slug":"conditions-generales-utilisation","status":"publish","type":"page","link":"https:\/\/ramina.fr\/index.php\/conditions-generales-utilisation\/","title":{"rendered":"Conditions G\u00e9n\u00e9rales d&rsquo;Utilisation"},"content":{"rendered":"\t\t<div data-elementor-type=\"wp-page\" data-elementor-id=\"2187\" class=\"elementor elementor-2187\">\n\t\t\t\t<div class=\"elementor-element elementor-element-613841b e-flex e-con-boxed e-con e-parent\" data-id=\"613841b\" data-element_type=\"container\" data-e-type=\"container\">\n\t\t\t\t\t<div class=\"e-con-inner\">\n\t\t<div class=\"elementor-element elementor-element-5ab4ea1 e-con-full e-flex e-con e-child\" data-id=\"5ab4ea1\" data-element_type=\"container\" data-e-type=\"container\">\n\t\t<div class=\"elementor-element elementor-element-c0bf815 e-con-full e-flex e-con e-child\" data-id=\"c0bf815\" data-element_type=\"container\" data-e-type=\"container\">\n\t\t\t\t<div class=\"elementor-element elementor-element-f836d6c elementor-widget elementor-widget-heading\" data-id=\"f836d6c\" data-element_type=\"widget\" data-e-type=\"widget\" data-widget_type=\"heading.default\">\n\t\t\t\t\t<h1 class=\"elementor-heading-title elementor-size-default\">Conditions G\u00e9n\u00e9rales d'utilisation du Site Web<\/h1>\t\t\t\t<\/div>\n\t\t\t\t<div class=\"elementor-element elementor-element-3b7fc40 elementor-widget elementor-widget-text-editor\" data-id=\"3b7fc40\" data-element_type=\"widget\" data-e-type=\"widget\" data-widget_type=\"text-editor.default\">\n\t\t\t\t\t\t\t\t\t<p>Derni\u00e8re mise \u00e0 jour : 28 f\u00e9vrier 2025<\/p><p>Bienvenue sur ramina.fr (le \u00ab\u00a0Site\u00a0\u00bb). Veuillez lire attentivement les conditions d&rsquo;utilisation suivantes (\u00ab\u00a0Conditions\u00a0\u00bb) avant d&rsquo;acc\u00e9der ou d&rsquo;utiliser le Site. En acc\u00e9dant ou en utilisant le Site, vous acceptez d&rsquo;\u00eatre li\u00e9 par ces Conditions. Si vous n&rsquo;acceptez pas ces Conditions, veuillez ne pas acc\u00e9der ni utiliser le Site.<\/p><p>1. Utilisation du Site<\/p><p>1.1. Vous acceptez d&rsquo;utiliser le Site uniquement \u00e0 des fins l\u00e9gales et conform\u00e9ment \u00e0 ces Conditions.<\/p><p>1.2. Vous ne devez pas utiliser le Site de mani\u00e8re \u00e0 causer des dommages, une interruption ou une d\u00e9t\u00e9rioration du Site, ni \u00e0 entraver la capacit\u00e9 des autres utilisateurs \u00e0 acc\u00e9der ou \u00e0 utiliser le Site.<\/p><p>2. Contenu du Site<\/p><p>2.1. Le contenu du Site est prot\u00e9g\u00e9 par des droits d&rsquo;auteur et d&rsquo;autres lois de propri\u00e9t\u00e9 intellectuelle. Tout le contenu, y compris, sans s&rsquo;y limiter, le texte, les images, les graphiques, les logos et les vid\u00e9os, est la propri\u00e9t\u00e9 de Ramina, R\u00e9seau d\u2019Accueil des Minots Non Accompagn\u00e9s ou de ses conc\u00e9dants de licence.<\/p><p>2.2. Vous pouvez t\u00e9l\u00e9charger, imprimer et copier du contenu du Site \u00e0 des fins personnelles et non commerciales, \u00e0 condition que vous conserviez toutes les mentions de droits d&rsquo;auteur et autres mentions de propri\u00e9t\u00e9.<\/p><p>2.3. Toute utilisation non autoris\u00e9e du contenu du Site peut constituer une violation des lois sur les droits d&rsquo;auteur, des marques d\u00e9pos\u00e9es et d&rsquo;autres lois.<\/p><p>3. Liens vers d&rsquo;autres Sites<\/p><p>3.1. Le Site peut contenir des liens vers des sites Web tiers. Ces liens sont fournis pour votre commodit\u00e9, mais nous n&rsquo;approuvons pas n\u00e9cessairement le contenu de ces sites.<\/p><p>3.2. Nous ne sommes pas responsables du contenu ou des pratiques de confidentialit\u00e9 des sites tiers. Nous vous recommandons de consulter les conditions d&rsquo;utilisation et les politiques de confidentialit\u00e9 de ces sites avant de les utiliser.<\/p><p>4. Modification des Conditions<\/p><p>4.1. Nous nous r\u00e9servons le droit de modifier ces Conditions \u00e0 tout moment. Les modifications seront publi\u00e9es sur cette page et entreront en vigueur imm\u00e9diatement. Il est de votre responsabilit\u00e9 de consulter r\u00e9guli\u00e8rement ces Conditions pour rester inform\u00e9 des mises \u00e0 jour.<\/p><p>5. R\u00e9siliation<\/p><p>5.1. Nous nous r\u00e9servons le droit de r\u00e9silier ou de suspendre votre acc\u00e8s au Site en cas de violation de ces Conditions ou pour toute autre raison, \u00e0 notre enti\u00e8re discr\u00e9tion.<\/p><p>6. Loi Applicable<\/p><p>6.1. Ces Conditions sont r\u00e9gies par les lois de France. Tout litige d\u00e9coulant de ces Conditions sera soumis \u00e0 la juridiction exclusive des tribunaux de Marseille.<\/p>\t\t\t\t\t\t\t\t<\/div>\n\t\t\t\t<\/div>\n\t\t\t\t<\/div>\n\t\t\t\t\t<\/div>\n\t\t\t\t<\/div>\n\t\t\t\t<\/div>\n\t\t","protected":false},"excerpt":{"rendered":"<p>Conditions G\u00e9n\u00e9rales d&rsquo;utilisation du Site Web Derni\u00e8re mise \u00e0 jour : 28 f\u00e9vrier 2025 Bienvenue sur ramina.fr (le \u00ab\u00a0Site\u00a0\u00bb). Veuillez lire attentivement les conditions d&rsquo;utilisation suivantes (\u00ab\u00a0Conditions\u00a0\u00bb) avant d&rsquo;acc\u00e9der ou d&rsquo;utiliser le Site. En acc\u00e9dant ou en utilisant le Site, vous acceptez d&rsquo;\u00eatre li\u00e9 par ces Conditions. Si vous n&rsquo;acceptez pas ces Conditions, veuillez ne &hellip; <\/p>\n<p class=\"link-more\"><a href=\"https:\/\/ramina.fr\/index.php\/conditions-generales-utilisation\/\" class=\"more-link\">Continuer la lecture<span class=\"screen-reader-text\"> de &laquo;&nbsp;Conditions G\u00e9n\u00e9rales d&rsquo;Utilisation&nbsp;&raquo;<\/span><\/a><\/p>\n","protected":false},"author":6,"featured_media":0,"parent":0,"menu_order":0,"comment_status":"closed","ping_status":"closed","template":"","meta":{"footnotes":""},"class_list":["post-2187","page","type-page","status-publish","hentry"],"yoast_head":"<!-- This site is optimized with the Yoast SEO plugin v25.1 - https:\/\/yoast.com\/wordpress\/plugins\/seo\/ -->\n<title>Conditions G\u00e9n\u00e9rales d&#039;Utilisation | RAMINA<\/title>\n<meta name=\"description\" content=\"Consultez nos CGU pour en savoir plus sur les droits et obligations des utilisateurs, la protection des donn\u00e9es et les modalit\u00e9s d&#039;utilisation du site.\" \/>\n<meta name=\"robots\" content=\"index, follow, max-snippet:-1, max-image-preview:large, max-video-preview:-1\" \/>\n<link rel=\"canonical\" href=\"https:\/\/ramina.fr\/index.php\/conditions-generales-utilisation\/\" \/>\n<meta property=\"og:locale\" content=\"fr_FR\" \/>\n<meta property=\"og:type\" content=\"article\" \/>\n<meta property=\"og:title\" content=\"Conditions G\u00e9n\u00e9rales d&#039;Utilisation | RAMINA\" \/>\n<meta property=\"og:description\" content=\"Consultez nos CGU pour en savoir plus sur les droits et obligations des utilisateurs, la protection des donn\u00e9es et les modalit\u00e9s d&#039;utilisation du site.\" \/>\n<meta property=\"og:url\" content=\"https:\/\/ramina.fr\/index.php\/conditions-generales-utilisation\/\" \/>\n<meta property=\"og:site_name\" content=\"RAMINA\" \/>\n<meta property=\"article:publisher\" content=\"https:\/\/www.facebook.com\/contact.ramina\/\" \/>\n<meta property=\"article:modified_time\" content=\"2025-05-29T11:37:57+00:00\" \/>\n<meta property=\"og:image\" content=\"https:\/\/ramina.fr\/wp-content\/uploads\/2025\/02\/ramina-image-mise-avant-wordpress.jpg\" \/>\n\t<meta property=\"og:image:width\" content=\"1200\" \/>\n\t<meta property=\"og:image:height\" content=\"675\" \/>\n\t<meta property=\"og:image:type\" content=\"image\/jpeg\" \/>\n<meta name=\"twitter:card\" content=\"summary_large_image\" \/>\n<meta name=\"twitter:label1\" content=\"Dur\u00e9e de lecture estim\u00e9e\" \/>\n\t<meta name=\"twitter:data1\" content=\"3 minutes\" \/>\n<script type=\"application\/ld+json\" class=\"yoast-schema-graph\">{\"@context\":\"https:\/\/schema.org\",\"@graph\":[{\"@type\":\"WebPage\",\"@id\":\"https:\/\/ramina.fr\/index.php\/conditions-generales-utilisation\/\",\"url\":\"https:\/\/ramina.fr\/index.php\/conditions-generales-utilisation\/\",\"name\":\"Conditions G\u00e9n\u00e9rales d'Utilisation | RAMINA\",\"isPartOf\":{\"@id\":\"https:\/\/ramina.fr\/#website\"},\"datePublished\":\"2025-05-29T11:33:47+00:00\",\"dateModified\":\"2025-05-29T11:37:57+00:00\",\"description\":\"Consultez nos CGU pour en savoir plus sur les droits et obligations des utilisateurs, la protection des donn\u00e9es et les modalit\u00e9s d'utilisation du site.\",\"breadcrumb\":{\"@id\":\"https:\/\/ramina.fr\/index.php\/conditions-generales-utilisation\/#breadcrumb\"},\"inLanguage\":\"fr-FR\",\"potentialAction\":[{\"@type\":\"ReadAction\",\"target\":[\"https:\/\/ramina.fr\/index.php\/conditions-generales-utilisation\/\"]}]},{\"@type\":\"BreadcrumbList\",\"@id\":\"https:\/\/ramina.fr\/index.php\/conditions-generales-utilisation\/#breadcrumb\",\"itemListElement\":[{\"@type\":\"ListItem\",\"position\":1,\"name\":\"Accueil\",\"item\":\"https:\/\/ramina.fr\/\"},{\"@type\":\"ListItem\",\"position\":2,\"name\":\"Conditions G\u00e9n\u00e9rales d&rsquo;Utilisation\"}]},{\"@type\":\"WebSite\",\"@id\":\"https:\/\/ramina.fr\/#website\",\"url\":\"https:\/\/ramina.fr\/\",\"name\":\"RAMINA\",\"description\":\"R\u00e9seau d\u2019Accueil des Minot.es Non Accompagn\u00e9s\",\"publisher\":{\"@id\":\"https:\/\/ramina.fr\/#organization\"},\"alternateName\":\"R\u00e9seau d'accueil Solidaire des Minots Non Accompagn\u00e9s\",\"potentialAction\":[{\"@type\":\"SearchAction\",\"target\":{\"@type\":\"EntryPoint\",\"urlTemplate\":\"https:\/\/ramina.fr\/?s={search_term_string}\"},\"query-input\":{\"@type\":\"PropertyValueSpecification\",\"valueRequired\":true,\"valueName\":\"search_term_string\"}}],\"inLanguage\":\"fr-FR\"},{\"@type\":\"Organization\",\"@id\":\"https:\/\/ramina.fr\/#organization\",\"name\":\"RAMINA\",\"alternateName\":\"R\u00e9seau d' Accueil des Minots Non Accompagn\u00e9s\",\"url\":\"https:\/\/ramina.fr\/\",\"logo\":{\"@type\":\"ImageObject\",\"inLanguage\":\"fr-FR\",\"@id\":\"https:\/\/ramina.fr\/#\/schema\/logo\/image\/\",\"url\":\"https:\/\/ramina.fr\/wp-content\/uploads\/2025\/02\/LOGO_RAMINA_NOIR_VERTICAL.png\",\"contentUrl\":\"https:\/\/ramina.fr\/wp-content\/uploads\/2025\/02\/LOGO_RAMINA_NOIR_VERTICAL.png\",\"width\":1654,\"height\":1418,\"caption\":\"RAMINA\"},\"image\":{\"@id\":\"https:\/\/ramina.fr\/#\/schema\/logo\/image\/\"},\"sameAs\":[\"https:\/\/www.facebook.com\/contact.ramina\/\",\"https:\/\/www.instagram.com\/ramina_marseille\/\"]}]}<\/script>\n<!-- \/ Yoast SEO plugin. -->","yoast_head_json":{"title":"Conditions G\u00e9n\u00e9rales d'Utilisation | RAMINA","description":"Consultez nos CGU pour en savoir plus sur les droits et obligations des utilisateurs, la protection des donn\u00e9es et les modalit\u00e9s d'utilisation du site.","robots":{"index":"index","follow":"follow","max-snippet":"max-snippet:-1","max-image-preview":"max-image-preview:large","max-video-preview":"max-video-preview:-1"},"canonical":"https:\/\/ramina.fr\/index.php\/conditions-generales-utilisation\/","og_locale":"fr_FR","og_type":"article","og_title":"Conditions G\u00e9n\u00e9rales d'Utilisation | RAMINA","og_description":"Consultez nos CGU pour en savoir plus sur les droits et obligations des utilisateurs, la protection des donn\u00e9es et les modalit\u00e9s d'utilisation du site.","og_url":"https:\/\/ramina.fr\/index.php\/conditions-generales-utilisation\/","og_site_name":"RAMINA","article_publisher":"https:\/\/www.facebook.com\/contact.ramina\/","article_modified_time":"2025-05-29T11:37:57+00:00","og_image":[{"width":1200,"height":675,"url":"https:\/\/ramina.fr\/wp-content\/uploads\/2025\/02\/ramina-image-mise-avant-wordpress.jpg","type":"image\/jpeg"}],"twitter_card":"summary_large_image","twitter_misc":{"Dur\u00e9e de lecture estim\u00e9e":"3 minutes"},"schema":{"@context":"https:\/\/schema.org","@graph":[{"@type":"WebPage","@id":"https:\/\/ramina.fr\/index.php\/conditions-generales-utilisation\/","url":"https:\/\/ramina.fr\/index.php\/conditions-generales-utilisation\/","name":"Conditions G\u00e9n\u00e9rales d'Utilisation | RAMINA","isPartOf":{"@id":"https:\/\/ramina.fr\/#website"},"datePublished":"2025-05-29T11:33:47+00:00","dateModified":"2025-05-29T11:37:57+00:00","description":"Consultez nos CGU pour en savoir plus sur les droits et obligations des utilisateurs, la protection des donn\u00e9es et les modalit\u00e9s d'utilisation du site.","breadcrumb":{"@id":"https:\/\/ramina.fr\/index.php\/conditions-generales-utilisation\/#breadcrumb"},"inLanguage":"fr-FR","potentialAction":[{"@type":"ReadAction","target":["https:\/\/ramina.fr\/index.php\/conditions-generales-utilisation\/"]}]},{"@type":"BreadcrumbList","@id":"https:\/\/ramina.fr\/index.php\/conditions-generales-utilisation\/#breadcrumb","itemListElement":[{"@type":"ListItem","position":1,"name":"Accueil","item":"https:\/\/ramina.fr\/"},{"@type":"ListItem","position":2,"name":"Conditions G\u00e9n\u00e9rales d&rsquo;Utilisation"}]},{"@type":"WebSite","@id":"https:\/\/ramina.fr\/#website","url":"https:\/\/ramina.fr\/","name":"RAMINA","description":"R\u00e9seau d\u2019Accueil des Minot.es Non Accompagn\u00e9s","publisher":{"@id":"https:\/\/ramina.fr\/#organization"},"alternateName":"R\u00e9seau d'accueil Solidaire des Minots Non Accompagn\u00e9s","potentialAction":[{"@type":"SearchAction","target":{"@type":"EntryPoint","urlTemplate":"https:\/\/ramina.fr\/?s={search_term_string}"},"query-input":{"@type":"PropertyValueSpecification","valueRequired":true,"valueName":"search_term_string"}}],"inLanguage":"fr-FR"},{"@type":"Organization","@id":"https:\/\/ramina.fr\/#organization","name":"RAMINA","alternateName":"R\u00e9seau d' Accueil des Minots Non Accompagn\u00e9s","url":"https:\/\/ramina.fr\/","logo":{"@type":"ImageObject","inLanguage":"fr-FR","@id":"https:\/\/ramina.fr\/#\/schema\/logo\/image\/","url":"https:\/\/ramina.fr\/wp-content\/uploads\/2025\/02\/LOGO_RAMINA_NOIR_VERTICAL.png","contentUrl":"https:\/\/ramina.fr\/wp-content\/uploads\/2025\/02\/LOGO_RAMINA_NOIR_VERTICAL.png","width":1654,"height":1418,"caption":"RAMINA"},"image":{"@id":"https:\/\/ramina.fr\/#\/schema\/logo\/image\/"},"sameAs":["https:\/\/www.facebook.com\/contact.ramina\/","https:\/\/www.instagram.com\/ramina_marseille\/"]}]}},"jetpack_sharing_enabled":true,"_links":{"self":[{"href":"https:\/\/ramina.fr\/index.php\/wp-json\/wp\/v2\/pages\/2187","targetHints":{"allow":["GET"]}}],"collection":[{"href":"https:\/\/ramina.fr\/index.php\/wp-json\/wp\/v2\/pages"}],"about":[{"href":"https:\/\/ramina.fr\/index.php\/wp-json\/wp\/v2\/types\/page"}],"author":[{"embeddable":true,"href":"https:\/\/ramina.fr\/index.php\/wp-json\/wp\/v2\/users\/6"}],"replies":[{"embeddable":true,"href":"https:\/\/ramina.fr\/index.php\/wp-json\/wp\/v2\/comments?post=2187"}],"version-history":[{"count":4,"href":"https:\/\/ramina.fr\/index.php\/wp-json\/wp\/v2\/pages\/2187\/revisions"}],"predecessor-version":[{"id":2192,"href":"https:\/\/ramina.fr\/index.php\/wp-json\/wp\/v2\/pages\/2187\/revisions\/2192"}],"wp:attachment":[{"href":"https:\/\/ramina.fr\/index.php\/wp-json\/wp\/v2\/media?parent=2187"}],"curies":[{"name":"wp","href":"https:\/\/api.w.org\/{rel}","templated":true}]}}