{"version":"1.0","provider_name":"RAMINA","provider_url":"https:\/\/ramina.fr","author_name":"Ramina R\u00e9seau","author_url":"https:\/\/ramina.fr\/index.php\/author\/reseau-ramina\/","title":"Bonjour, je m\u2019appelle Akon, j\u2019ai 16 ans. J\u2019ai quitt\u00e9 la Guin\u00e9e Conakry. \u00c7a fait bient\u00f4t deux semaines que je suis \u00e0 Marseille. \ud83d\ude42 | RAMINA","type":"rich","width":600,"height":338,"html":"<blockquote class=\"wp-embedded-content\" data-secret=\"CqiQ2Ynupb\"><a href=\"https:\/\/ramina.fr\/index.php\/2021\/06\/21\/bonjour-je-mappelle-akon-jai-16-ans\/\">Bonjour, je m\u2019appelle Akon, j\u2019ai 16 ans. J\u2019ai quitt\u00e9 la Guin\u00e9e Conakry. \u00c7a fait bient\u00f4t deux semaines que je suis \u00e0 Marseille. \ud83d\ude42<\/a><\/blockquote><iframe sandbox=\"allow-scripts\" security=\"restricted\" src=\"https:\/\/ramina.fr\/index.php\/2021\/06\/21\/bonjour-je-mappelle-akon-jai-16-ans\/embed\/#?secret=CqiQ2Ynupb\" width=\"600\" height=\"338\" title=\"\u00ab\u00a0Bonjour, je m\u2019appelle Akon, j\u2019ai 16 ans. J\u2019ai quitt\u00e9 la Guin\u00e9e Conakry. \u00c7a fait bient\u00f4t deux semaines que je suis \u00e0 Marseille. \ud83d\ude42\u00a0\u00bb &#8212; RAMINA\" data-secret=\"CqiQ2Ynupb\" frameborder=\"0\" marginwidth=\"0\" marginheight=\"0\" scrolling=\"no\" class=\"wp-embedded-content\"><\/iframe><script>\n\/*! This file is auto-generated *\/\n!function(d,l){\"use strict\";l.querySelector&&d.addEventListener&&\"undefined\"!=typeof URL&&(d.wp=d.wp||{},d.wp.receiveEmbedMessage||(d.wp.receiveEmbedMessage=function(e){var t=e.data;if((t||t.secret||t.message||t.value)&&!\/[^a-zA-Z0-9]\/.test(t.secret)){for(var s,r,n,a=l.querySelectorAll('iframe[data-secret=\"'+t.secret+'\"]'),o=l.querySelectorAll('blockquote[data-secret=\"'+t.secret+'\"]'),c=new RegExp(\"^https?:$\",\"i\"),i=0;i<o.length;i++)o[i].style.display=\"none\";for(i=0;i<a.length;i++)s=a[i],e.source===s.contentWindow&&(s.removeAttribute(\"style\"),\"height\"===t.message?(1e3<(r=parseInt(t.value,10))?r=1e3:~~r<200&&(r=200),s.height=r):\"link\"===t.message&&(r=new URL(s.getAttribute(\"src\")),n=new URL(t.value),c.test(n.protocol))&&n.host===r.host&&l.activeElement===s&&(d.top.location.href=t.value))}},d.addEventListener(\"message\",d.wp.receiveEmbedMessage,!1),l.addEventListener(\"DOMContentLoaded\",function(){for(var e,t,s=l.querySelectorAll(\"iframe.wp-embedded-content\"),r=0;r<s.length;r++)(t=(e=s[r]).getAttribute(\"data-secret\"))||(t=Math.random().toString(36).substring(2,12),e.src+=\"#?secret=\"+t,e.setAttribute(\"data-secret\",t)),e.contentWindow.postMessage({message:\"ready\",secret:t},\"*\")},!1)))}(window,document);\n<\/script>\n","description":"J\u2019\u00e9tais arriv\u00e9 en Italie en mars de cette ann\u00e9e. J\u2019\u00e9tais l\u00e0-bas et moi je ne parlais pas la langue de l\u2019Italie, c\u2019\u00e9tait dur. J\u2019ai rencontr\u00e9 deux grands fr\u00e8res en Italie. Et moi je leur ai dit de venir en France avec eux, car moi je parlais un peu fran\u00e7ais m\u00eame si j\u2019ai pas fait l&rsquo;\u00e9cole &hellip; Continuer la lecture de &laquo;&nbsp;&nbsp;&raquo;","thumbnail_url":"https:\/\/ramina.fr\/wp-content\/uploads\/2025\/02\/ramina-image-mise-avant-wordpress.jpg","thumbnail_width":1200,"thumbnail_height":675}

Ramina Réseau

Bonjour, je m’appelle Akon, j’ai 16 ans. J’ai quitté la Guinée Conakry. Ça fait bientôt deux semaines que je suis à Marseille. 🙂 | RAMINA

<blockquote class="wp-embedded-content" data-secret="CqiQ2Ynupb"><a href="https://ramina.fr/index.php/2021/06/21/bonjour-je-mappelle-akon-jai-16-ans/">Bonjour, je m’appelle Akon, j’ai 16 ans. J’ai quitté la Guinée Conakry. Ça fait bientôt deux semaines que je suis à Marseille. 🙂</a></blockquote><iframe sandbox="allow-scripts" security="restricted" src="https://ramina.fr/index.php/2021/06/21/bonjour-je-mappelle-akon-jai-16-ans/embed/#?secret=CqiQ2Ynupb" width="600" height="338" title="« Bonjour, je m’appelle Akon, j’ai 16 ans. J’ai quitté la Guinée Conakry. Ça fait bientôt deux semaines que je suis à Marseille. 🙂 » &#8212; RAMINA" data-secret="CqiQ2Ynupb" frameborder="0" marginwidth="0" marginheight="0" scrolling="no" class="wp-embedded-content"></iframe><script>
/*! This file is auto-generated */
!function(d,l){"use strict";l.querySelector&&d.addEventListener&&"undefined"!=typeof URL&&(d.wp=d.wp||{},d.wp.receiveEmbedMessage||(d.wp.receiveEmbedMessage=function(e){var t=e.data;if((t||t.secret||t.message||t.value)&&!/[^a-zA-Z0-9]/.test(t.secret)){for(var s,r,n,a=l.querySelectorAll('iframe[data-secret="'+t.secret+'"]'),o=l.querySelectorAll('blockquote[data-secret="'+t.secret+'"]'),c=new RegExp("^https?:$","i"),i=0;i<o.length;i++)o[i].style.display="none";for(i=0;i<a.length;i++)s=a[i],e.source===s.contentWindow&&(s.removeAttribute("style"),"height"===t.message?(1e3<(r=parseInt(t.value,10))?r=1e3:~~r<200&&(r=200),s.height=r):"link"===t.message&&(r=new URL(s.getAttribute("src")),n=new URL(t.value),c.test(n.protocol))&&n.host===r.host&&l.activeElement===s&&(d.top.location.href=t.value))}},d.addEventListener("message",d.wp.receiveEmbedMessage,!1),l.addEventListener("DOMContentLoaded",function(){for(var e,t,s=l.querySelectorAll("iframe.wp-embedded-content"),r=0;r<s.length;r++)(t=(e=s[r]).getAttribute("data-secret"))||(t=Math.random().toString(36).substring(2,12),e.src+="#?secret="+t,e.setAttribute("data-secret",t)),e.contentWindow.postMessage({message:"ready",secret:t},"*")},!1)))}(window,document);
</script>

J’étais arrivé en Italie en mars de cette année. J’étais là-bas et moi je ne parlais pas la langue de l’Italie, c’était dur. J’ai rencontré deux grands frères en Italie. Et moi je leur ai dit de venir en France avec eux, car moi je parlais un peu français même si j’ai pas fait l&rsquo;école &hellip; Continuer la lecture de &laquo;&nbsp;&nbsp;&raquo;
